est common divisor of 103290 and 660?
330
What is the highest common divisor of 1080 and 760?
40
What is the highest common factor of 10892 and 220174?
778
Calculate the highest common divisor of 868 and 2072.
28
Calculate the greatest common divisor of 7498 and 115.
23
What is the greatest common divisor of 32 and 61424?
16
What is the greatest common divisor of 5016 and 1991?
11
What is the greatest common divisor of 321713 and 14?
7
Calculate the greatest common divisor of 710 and 11502.
142
What is the highest common divisor of 1566 and 1422?
18
What is the greatest common factor of 80 and 33590?
10
What is the greatest common divisor of 1453008 and 48?
48
What is the highest common divisor of 1355 and 13279?
271
Calculate the greatest common factor of 94112 and 320.
32
Calculate the greatest common factor of 311763 and 289.
17
What is the greatest common factor of 2 and 109702?
2
What is the greatest common divisor of 32440 and 16?
8
What is the highest common divisor of 25 and 425?
25
Calculate the greatest common divisor of 14886 and 18.
18
What is the highest common factor of 564 and 417360?
564
Calculate the greatest common factor of 455 and 27937.
91
What is the highest common factor of 100 and 1290950?
50
Calculate the highest common factor of 29448 and 72.
72
What is the highest common factor of 339 and 5026353?
339
Calculate the highest common factor of 30 and 26057130.
30
Calculate the greatest common factor of 90 and 1792910.
10
Calculate the highest common factor of 258 and 4505626.
86
What is the greatest common divisor of 455882 and 560?
14
What is the highest common factor of 54 and 728181?
9
What is the highest common divisor of 1640156 and 532?
532
What is the highest common divisor of 27 and 1329327?
9
What is the greatest common divisor of 479612 and 196?
196
Calculate the greatest common divisor of 11470 and 7955.
185
What is the highest common divisor of 87588 and 108?
108
What is the highest common factor of 154 and 257411?
77
Calculate the greatest common factor of 77 and 2873717.
77
Calculate the greatest common factor of 152 and 969.
19
What is the greatest common factor of 7579 and 4862?
143
What is the greatest common factor of 155 and 351664?
31
Calculate the greatest common factor of 1644890 and 130.
130
Calculate the highest common factor of 4360 and 32.
8
What is the greatest common factor of 69093 and 6?
3
What is the greatest common factor of 2353 and 208?
13
Calculate the greatest common divisor of 309288 and 12.
12
What is the greatest common factor of 19 and 125039?
19
Calculate the highest common divisor of 9025 and 21299.
361
Calculate the highest common factor of 60458 and 19.
19
Calculate the highest common divisor of 25 and 16960.
5
Calculate the highest common factor of 865040 and 1232.
176
Calculate the highest common divisor of 18179 and 2014.
53
Calculate the greatest common divisor of 23569 and 130.
13
Calculate the greatest common divisor of 6810 and 15030.
30
What is the greatest common factor of 45222 and 30?
6
What is the highest common factor of 871 and 16146?
13
Calculate the greatest common divisor of 140 and 47670.
70
What is the greatest common factor of 76 and 285?
19
What is the greatest common factor of 2773215 and 45?
45
Calculate the greatest common factor of 43 and 15126.
1
What is the highest common divisor of 4960032 and 12?
12
What is the greatest common factor of 64379 and 238?
119
Calculate the greatest common divisor of 1065 and 165.
15
Calculate the greatest common factor of 217 and 157356.
31
Calculate the highest common divisor of 5072 and 4438.
634
What is the highest common factor of 100 and 4535450?
50
Calculate the greatest common divisor of 477 and 2067.
159
Calculate the greatest common factor of 40 and 1642055.
5
Calculate the highest common factor of 72 and 681489.
9
Calculate the highest common factor of 453 and 509323.
151
Calculate the highest common divisor of 1409480 and 40.
40
Calculate the highest common divisor of 3695 and 1865.
5
What is the greatest common factor of 658512 and 96?
48
What is the greatest common factor of 1596 and 3249?
57
Calculate the highest common divisor of 432 and 694899.
27
What is the highest common factor of 48 and 26736?
48
Calculate the greatest common factor of 2112289 and 43.
43
Calculate the highest common factor of 1331967 and 17220.
861
Calculate the greatest common factor of 39189 and 48.
3
What is the greatest common factor of 8802 and 235046?
326
Calculate the highest common divisor of 174 and 2724144.
174
What is the greatest common factor of 64343 and 47?
47
What is the greatest common divisor of 17 and 475388?
17
What is the highest common divisor of 121031 and 6985?
127
Calculate the greatest common divisor of 65 and 249691.
13
What is the highest common factor of 124 and 39618?
62
What is the greatest common divisor of 1924 and 5485805?
481
What is the highest common factor of 53 and 229331?
53
Calculate the highest common divisor of 456365 and 236.
59
What is the greatest common divisor of 24824 and 24?
8
Calculate the highest common divisor of 2 and 65066.
2
Calculate the highest common factor of 696 and 614.
2
What is the highest common divisor of 118098 and 66?
6
What is the highest common divisor of 2730 and 5970?
30
What is the highest common factor of 556 and 50735?
139
Calculate the greatest common factor of 166 and 43907.
83
What is the greatest common factor of 498 and 5574?
6
Calculate the greatest common divisor of 710 and 994.
142
Calculate the greatest common factor of 4096 and 216.
8
Calculate the greatest common factor of 177 and 558.
3
What is the highest common factor of 132 and 38700?
12
What is the highest common factor of 299 and 79557?
23
What is the greatest common factor of 4208 and 17570504?
2104
What is the highest common divisor of 45 and 96315?
15
Calculate the greatest common factor of 71 and 7325141.
71
What is the greatest common factor of 9575 and 275?
25
Calculate the highest common factor of 4236 and 3456.
12
Calculate the greatest common factor of 41382 and 2793.
57
Calculate the greatest common factor of 7242 and 2094.
6
Calculate the greatest common divisor of 140 and 1949960.
20
Calculate the greatest common factor of 2583 and 9.
9
What is the greatest common factor of 1060 and 108650?
530
Calculate the greatest common factor of 3105 and 74313.
207
Calculate the greatest common factor of 7056 and 610540.
196
Calculate the greatest common divisor of 9204 and 4524.
156
Calculate the highest common factor of 1501262 and 14.
14
What is the greatest common factor of 54102 and 12?
6
What is the highest common divisor of 134 and 5?
1
Calculate the greatest common divisor of 1448832 and 72.
24
What is the highest common factor of 30 and 2646?
6
What is the greatest common factor of 11 and 10361417?
11
What is the greatest common factor of 1224 and 5736?
24
Calculate the greatest common factor of 6463 and 943.
23
What is the highest common factor of 525 and 249?
3
Calculate the greatest common divisor of 2320 and 38512.
464
What is the highest common factor of 2773 and 60771?
47
Calculate the highest common factor of 506 and 117668.
46
Calculate the greatest common factor of 69727 and 49.
49
Calculate the highest common divisor of 24123 and 328219.
731
Calculate the highest common factor of 410109 and 13629.
1239
What is the highest common divisor of 48 and 431160?
24
What is the greatest common divisor of 91770 and 15?
15
Calculate the greatest common divisor of 31694 and 4121.
13
What is the highest common divisor of 852 and 948?
12
What is the greatest common factor of 12818 and 4199?
221
Calculate the greatest common divisor of 306220 and 140.
20
What is the highest common divisor of 2755 and 1045?
95
Calculate the greatest common divisor of 3160 and 4503.
79
What is the greatest common factor of 1686 and 89077?
281
What is the highest common factor of 7 and 181650?
7
Calculate the highest common factor of 3038 and 13764.
62
Calculate the highest common factor of 32 and 64544.
32
Calculate the highest common divisor of 4270 and 595.
35
What is the greatest common factor of 4572 and 1697736?
1524
Calculate the highest common divisor of 11542 and 17711.
199
What is the greatest 